, 691
List the prime factors of 733751.
733751
What are the prime factors of 1348029?
3, 49927
List the prime factors of 237680.
2, 5, 2971
List the prime factors of 3886028.
2, 439, 2213
List the prime factors of 1951852.
2, 7, 69709
List the prime factors of 893780.
2, 5, 23, 29, 67
What are the prime factors of 20849749?
73, 285613
List the prime factors of 3565118.
2, 1782559
What are the prime factors of 748715?
5, 11, 13613
List the prime factors of 241798.
2, 120899
List the prime factors of 205354.
2, 102677
What are the prime factors of 675538?
2, 53, 6373
List the prime factors of 14594551.
17, 858503
List the prime factors of 5058043.
863, 5861
List the prime factors of 9297786.
2, 3, 1549631
What are the prime factors of 899112?
2, 3, 37463
List the prime factors of 2194480.
2, 5, 27431
What are the prime factors of 286261?
293, 977
What are the prime factors of 17252695?
5, 3450539
What are the prime factors of 10041167?
10041167
List the prime factors of 5882209.
313, 18793
List the prime factors of 368611.
17, 21683
List the prime factors of 498116.
2, 124529
What are the prime factors of 108871?
7, 103, 151
List the prime factors of 454358.
2, 157, 1447
What are the prime factors of 5597750?
2, 5, 22391
List the prime factors of 13980896.
2, 359, 1217
List the prime factors of 1637618.
2, 173, 4733
List the prime factors of 188373.
3, 62791
List the prime factors of 4072713.
3, 1357571
List the prime factors of 688176.
2, 3, 59
What are the prime factors of 1506553?
1506553
List the prime factors of 5027053.
17, 31, 9539
List the prime factors of 162783.
3, 6029
What are the prime factors of 3817323?
3, 424147
List the prime factors of 330608.
2, 20663
What are the prime factors of 233117?
233117
What are the prime factors of 261972?
2, 3, 19, 383
List the prime factors of 49798.
2, 7, 3557
What are the prime factors of 1846608?
2, 3, 17, 31, 73
What are the prime factors of 8467857?
3, 37, 59, 431
What are the prime factors of 988322?
2, 61, 8101
List the prime factors of 407993.
407993
What are the prime factors of 5234616?
2, 3, 23, 29, 109
What are the prime factors of 9762250?
2, 5, 17, 2297
List the prime factors of 4063774.
2, 11, 13, 1093
What are the prime factors of 480440?
2, 5, 12011
List the prime factors of 379248.
2, 3, 7901
List the prime factors of 283548.
2, 3, 23629
List the prime factors of 4464505.
5, 892901
What are the prime factors of 363024?
2, 3, 2521
List the prime factors of 1040682.
2, 3, 107, 1621
List the prime factors of 274095.
3, 5, 6091
What are the prime factors of 5853706?
2, 787, 3719
List the prime factors of 54883.
71, 773
What are the prime factors of 17305134?
2, 3, 7, 11, 5351
List the prime factors of 34805597.
29, 41, 73, 401
What are the prime factors of 159219?
3, 5897
List the prime factors of 210576.
2, 3, 41, 107
List the prime factors of 2541320.
2, 5, 63533
What are the prime factors of 666910?
2, 5, 17, 3923
What are the prime factors of 2516236?
2, 629059
List the prime factors of 10367265.
3, 5, 691151
List the prime factors of 1079288.
2, 7, 19273
What are the prime factors of 10868982?
2, 3, 199, 9103
What are the prime factors of 1101034?
2, 11, 50047
What are the prime factors of 15424513?
13, 23, 79, 653
What are the prime factors of 104035?
5, 20807
List the prime factors of 5553.
3, 617
What are the prime factors of 1432200?
2, 3, 5, 7, 11, 31
What are the prime factors of 1294442?
2, 283, 2287
List the prime factors of 3155659.
13, 17, 109, 131
List the prime factors of 399251.
157, 2543
List the prime factors of 10825243.
11, 13, 17, 61, 73
What are the prime factors of 29779697?
463, 64319
What are the prime factors of 7175?
5, 7, 41
What are the prime factors of 10212003?
3, 1134667
List the prime factors of 7164316.
2, 23, 43, 1811
What are the prime factors of 9597493?
89, 107837
What are the prime factors of 8705022?
2, 3, 157, 9241
List the prime factors of 3536828.
2, 379, 2333
What are the prime factors of 2921312?
2, 91291
List the prime factors of 133484.
2, 13, 17, 151
List the prime factors of 156200.
2, 5, 11, 71
What are the prime factors of 455077?
7, 65011
What are the prime factors of 9137112?
2, 3, 380713
List the prime factors of 2704283.
2704283
List the prime factors of 6654650.
2, 5, 17, 7829
List the prime factors of 4110446.
2, 2055223
List the prime factors of 21342635.
5, 1811, 2357
List the prime factors of 899738.
2, 7, 9181
What are the prime factors of 4430723?
11, 59, 6827
List the prime factors of 9420.
2, 3, 5, 157
List the prime factors of 230572.
2, 59, 977
What are the prime factors of 4083176?
2, 19, 26863
List the prime factors of 2667179.
293, 9103
What are the prime factors of 163210?
2, 5, 19, 859
List the prime factors of 24953981.
13, 1193, 1609
List the prime factors of 186410.
2, 5, 7, 2663
List the prime factors of 8456113.
8456113
List the prime factors of 269108.
2, 7, 1373
List the prime factors of 3069020.
2, 5, 173, 887
What are the prime factors of 5815398?
2, 3, 969233
What are the prime factors of 6147528?
2, 3, 256147
What are the prime factors of 46882?
2, 11, 2131
List the prime factors of 1301188.
2, 7, 46471
List the prime factors of 22259436.
2, 3, 359, 5167
What are the prime factors of 1369117?
151, 9067
List the prime factors of 12393038.
2, 7, 885217
List the prime factors of 1030289.
13, 41, 1933
What are the prime factors of 230584?
2, 19, 37, 41
What are the prime factors of 283825?
5, 11353
List the prime factors of 58304.
2, 911
What are the prime factors of 2066668?
2, 19, 71, 383
List the prime factors of 5407047.
3, 23, 8707
What are the prime factors of 15424919?
613, 25163
What are the prime factors of 314543?
314543
List the prime factors of 517072.
2, 17, 1901
List the prime factors of 85966.
2, 53, 811
What are the prime factors of 149253?
3, 13, 43, 89
What are the prime factors of 289574?
2, 67, 2161
List the prime factors of 125025.
3, 5, 1667
List the prime factors of 3154686.
2, 3, 525781
What are the prime factors of 198700?
2, 5, 1987
What are the prime factors of 252083?
13, 19391
What are the prime factors of 188274?
2, 3, 31379
List the prime factors of 288920.
2, 5, 31, 233
List the prime factors of 37811.
37811
List the prime factors of 672569.
257, 2617
List the prime factors of 148963.
181, 823
What are the prime factors of 440255?
5, 191, 461
What are the prime factors of 156468?
2, 3, 13, 17, 59
What are the prime factors of 1162288?
2, 72643
What are the prime factors of 52682?
2, 7, 53, 71
What are the prime factors of 8067938?
2, 197, 20477
List the prime factors of 241399.
283, 853
What are the prime factors of 97946?
2, 48973
What are the prime factors of 1243784?
2, 155473
List the prime factors of 839427.
3, 73, 3833
List the prime factors of 2473774.
2, 67, 18461
What are the prime factors of 781366?
2, 37, 10559
List the prime factors of 568763.
13, 67, 653
List the prime factors of 17854417.
7, 23, 43, 2579
List the prime factors of 172253.
281, 613
What are the prime factors of 2092293?
3, 7, 33211
What are the prime factors of 502997?
11, 4157
List the prime factors of 243384.
2, 3, 10141
List the prime factors of 461024.
2, 14407
List the prime factors of 1308493.
23, 56891
List the prime factors of 192799.
192799
List the prime factors of 950160.
2, 3, 5, 37, 107
What are the prime factors of 17342813?
17342813
List the prime factors of 4987085.
5, 257, 3881
List the prime factors of 217864.
2, 113, 241
What are the prime factors of 534066?
2, 3, 13, 41, 167
List the prime factors of 212352.
2, 3, 7, 79
List the prime factors of 23985273.
3, 13, 293, 2099
List the prime factors of 428982.
2, 3, 19, 53, 71
List the prime factors of 212427.
3, 23603
List the prime factors of 945660.
2, 3, 5, 15761
List the prime factors of 104161.
104161
List the prime factors of 670863.
3, 223621
What are the prime factors of 231297?
3, 11, 43, 163
List the prime factors of 196675.
5, 7867
List the prime factors of 2135280.
2, 3, 5, 7, 31, 41
What are the prime factors of 2184722?
2, 1092361
List the prime factors of 39436428.
2, 3, 3286369
What are the prime factors of 312463?
271, 1153
List the prime factors of 13067195.
5, 71, 36809
What are the prime factors of 6094365